3300 (base 4) in base 12?
-2980
What is 79aa (base 11) in base 6?
120422
Convert -3331 (base 4) to base 6.
-1101
Convert -108 (base 14) to base 11.
-176
What is 1313 (base 5) in base 14?
10c
What is 3104 (base 5) in base 4?
12110
Convert 26171 (base 8) to base 6.
124413
22022121 (base 3) to base 6
44024
What is 1981 (base 16) in base 13?
2c83
-210202202 (base 3) to base 9
-23682
-5303 (base 9) to base 12
-2303
164 (base 8) to base 10
116
What is -100101110 (base 2) in base 15?
-152
424 (base 10) to base 6
1544
What is -15b (base 16) in base 14?
-1ab
411 (base 8) to base 7
526
What is 1121011000 (base 3) in base 6?
401343
Convert 49 (base 15) to base 6.
153
What is -440441 (base 5) in base 10?
-15121
Convert -740 (base 9) to base 7.
-1521
What is 10011110110111 (base 2) in base 6?
115023
133531 (base 7) to base 5
1302211
Convert 402 (base 9) to base 6.
1302
-1319 (base 12) to base 4
-202011
Convert -1251 (base 7) to base 6.
-2113
What is -6731 (base 11) in base 13?
-4061
What is -1274 (base 13) in base 5?
-41010
What is -323 (base 7) in base 5?
-1124
What is 5bb (base 14) in base 8?
2171
What is 1111 (base 6) in base 3?
100121
55 (base 15) to base 2
1010000
11074 (base 8) to base 16
123c
What is -2212100 (base 5) in base 8?
-113000
-10202121 (base 3) to base 14
-ddd
Convert -1241 (base 5) to base 16.
-c4
14134 (base 6) to base 13
1018
-9c3 (base 16) to base 3
-10102120
a7ab (base 16) to base 3
2011212202
Convert 91df (base 16) to base 12.
1973b
What is -13e (base 15) in base 11?
-239
-4a1 (base 13) to base 9
-1086
Convert 101110 (base 3) to base 6.
1150
-33855 (base 10) to base 14
-c4a3
What is -b24 (base 15) in base 7?
-10213
Convert -20101 (base 4) to base 11.
-441
Convert 358 (base 14) to base 15.
2e6
What is 7f56 (base 16) in base 10?
32598
257 (base 13) to base 11
343
Convert -10121 (base 6) to base 4.
-111001
110000101110 (base 2) to base 14
11ca
Convert 1949 (base 11) to base 13.
1183
What is 8b64 (base 13) in base 10?
19517
What is -878 (base 12) in base 7?
-3425
What is 62d4 (base 14) in base 4?
10022102
What is -23275 (base 10) in base 6?
-255431
Convert -102006 (base 8) to base 4.
-20100012
5332 (base 10) to base 5
132312
Convert -222010120 (base 3) to base 8.
-45152
What is -10770 (base 8) in base 10?
-4600
-2461 (base 7) to base 15
-41a
-112111001 (base 3) to base 10
-10558
-362 (base 8) to base 10
-242
What is -22201 (base 3) in base 13?
-151
What is 4331 (base 5) in base 7?
1503
34 (base 7) to base 14
1b
What is -100101011 (base 2) in base 3?
-102002
-628 (base 12) to base 7
-2420
21334 (base 5) to base 16
5bd
Convert -10101101 (base 2) to base 13.
-104
Convert 1032 (base 11) to base 6.
10154
101 (base 3) to base 12
a
303 (base 4) to base 2
110011
-40061 (base 7) to base 9
-14208
Convert -30100 (base 4) to base 14.
-400
What is 10254 (base 10) in base 13?
488a
Convert 3918 (base 11) to base 2.
1001111101101
a633 (base 13) to base 14
856a
371 (base 13) to base 7
1514
Convert 294 (base 16) to base 3.
220110
-2386 (base 11) to base 10
-3119
What is -1001000101 (base 2) in base 6?
-2405
Convert 645 (base 11) to base 13.
478
Convert -1001111100010 (base 2) to base 10.
-5090
-615 (base 7) to base 16
-132
Convert -22083 (base 9) to base 5.
-432110
Convert 9616 (base 13) to base 7.
114442
-1350 (base 10) to base 15
-600
What is 435 (base 15) in base 4?
32312
Convert -1100211002 (base 3) to base 6.
-324132
Convert -1706 (base 11) to base 14.
-b20
-1063 (base 7) to base 8
-604
What is 5c78 (base 16) in base 14?
88ac
Convert -103222312 (base 4) to base 11.
-55592
Convert -113201 (base 4) to base 12.
-a55
Convert -4271 (base 10) to base 9.
-5765
Convert -20021110 (base 3) to base 2.
-1000111011111
What is -aa95 (base 11) in base 9?
-22048
What is -235 (base 10) in base 12?
-177
Convert 91b (base 14) to base 12.
1051
2202210100 (base 3) to base 7
314646
What is -55425 (base 6) in base 13?
-368c
What is -4477 (base 8) in base 16?
-93f
Convert 3432 (base 9) to base 14.
cd6
-5757 (base 14) to base 3
-202210211
10011111011 (base 2) to base 11
a5a
Convert -15331 (base 7) to base 10.
-4285
Convert 36 (base 9) to base 2.
100001
1442421 (base 5) to base 8
74412
What is -102122 (base 5) in base 4?
-311110
7333 (base 10) to base 3
101001121
79 (base 13) to base 10
100
Convert 98 (base 10) to base 15.
68
Convert -12210202 (base 3) to base 2.
-1000010001000
Convert 12210122 (base 3) to base 14.
1781
Convert -20860 (base 9) to base 13.
-63a5
Convert 152306 (base 7) to base 2.
111001111010011
Convert -56a (base 12) to base 15.
-387
Convert -11011011010111 (base 2) to base 16.
-36d7
18104 (base 11) to base 6
313354
5ee6 (base 15) to base 8
47421
-11111110110111 (base 2) to base 16
-3fb7
Convert -73652 (base 8) to base 4.
-13132222
Convert -4015 (base 6) to base 7.
-2360
What is 20735 (base 9) in base 10?
13721
-4be (base 16) to base 7
-3353
12000 (base 3) to base 4
2013
Convert 22363 (base 7) to base 9.
7711
4515 (base 6) to base 8
2037
Convert 36272 (base 9) to base 3.
1020022102
What is -1965 (base 11) in base 15?
-b11
Convert -3c3 (base 14) to base 9.
-1033
Convert -120120 (base 3) to base 10.
-420
Convert -10001001010010 (base 2) to base 9.
-13042
What is 4978 (base 14) in base 15?
3c16
What is -1499 (base 10) in base 16?
-5db
-112a (base 13) to base 6
-15042
What is -2942 (base 12) in base 16?
-12c2
Convert 21664 (base 7) to base 8.
12555
1204032 (base 5) to base 14
8236
Convert -1ca (base 16) to base 15.
-208
What is 3032 (base 9) in base 8?
4250
What is -2c7 (base 16) in base 15?
-326
Convert -432 (base 12) to base 16.
-266
317 (base 13) to base 5
4102
11101020 (base 3) to base 7
12210
What is -11001100001000 (base 2) in base 14?
-4a92
Convert 2d6 (base 14) to base 2.
1001000100
30a (base 14) to base 9
734
-2112330 (base 4) to base 10
-9660
342a (base 12) to base 11
4398
Convert 102 (base 4) to base 8.
22
Convert b93 (base 13) to base 6.
13055
Convert 5cf (base 16) to base 12.
a3b
What is -2122 (base 7) in base 6?
-3251
What is 2020220202 (base 3) in base 9?
66822
-1100220102 (base 3) to base 5
-1330103
5963 (base 16) to base 7
123500
Convert 2502 (base 7) to base 3.
1021120
What is -28573 (base 9) in base 6?
-225533
-3413203 (base 5) to base 2
-1110110000001100
-113 (base 15) to base 10
-243
8594 (base 12) to base 8
34500
Convert -1558 (base 13) to base 12.
-1977
Convert 1111110000101 (base 2) to base 16.
1f85
What is -13030021 (base 4) in base 6?
-344201
131010 (base 4) to base 2
11101000100
Convert -1440 (base 6) to base 15.
-1a9
What is 1647 (base 8) in base 9?
1248
-1574b (base 13) to base 15
-c147
What is -5164 (base 7) in base 13?
-a93
d43 (base 14) to base 8
5057
252 (base 13) to base 12
299
21314 (base 5) to base 16
5b3
1ac2 (base 13) to base 15
12ea
Convert 737a (base 11) to base 15.
2d62
What is 36a6 (base 14) in base 8?
22522
What is -21645 (base 9) in base 3?
-201201112
1140 (base 5) to base 10
170
What is -100222220 (base 3) in base 8?
-16167
320044 (base 5) to base 4
2212121
What is 21014 (base 6) in base 7?
11134
Convert 195c (base 16) to base 8.
14534
-120033 (base 4) to base 13
-924
Convert -12323021 (base 4) to base 6.
-335145
121111 (base 3) to base 5
3240
cb6 (base 13) to base 8
4201
Convert -2042 (base 9) to base 13.
-8b1
Convert -3012 (base 8) to base 7.
-4336
What is -15534 (base 11) in base 14?
-7dd0
What is -31031 (base 4) in base 9?
-1138
-77 (base 13) to base 6
-242
Convert 1478 (base 9) to base 12.
798
Convert 6795 (base 12) to base 9.
16675
Convert 514 (base 13) to base 11.
714
Convert -110111111011 (base 2) to base 14.
-1439
What is 3103411 (base 5) in base 2?
1100010100110001
-2055 (base 11) to base 8
-5242
What is -73 (base 8) in base 2?
-111011
Convert -b6 (base 15) to base 5.
-1141
What is -10111010110 (base 2) in base 8?
-2726
Convert -24b (base 13) to base 10.
-401
-4dc (base 16) to base 3
-1201002
What is 13211 (base 4) in base 10?
485
Convert 30 (base 15) to base 6.
113
54 (base 14) to base 8
112
-12022112 (base 3) to base 8
-7443
Convert -20b (base 15) to base 8.
-715
What is -10342 (base 8) in base 14?
-180a
What is -32321 (base 6) in base 15?
-14b1
Convert 3474 (base 15) to base 14.
40b4
-185 (base 11) to base 4
-3112
What is -30322 (base 4) in base 12?
-58a
Convert 12575 (base 9) to base 14.
3148
What i